5*k(m) - 4*u(m). Calculate d(-4).
22
Let m(k) = 2*k + 3 - 3 - 3*k**2 + 2. Let u(y) = 8*y**2 - 7*y - 7. Suppose 3*n - 5*v + 14 = 2*n, -35 = -5*n + 4*v. Let a(h) = n*m(h) + 4*u(h). Determine a(-5).
-1
Let a = 19 + -17. Let s(p) = -11*p**3 - 11*p**2 - 7*p + 11. Let c(g) = 9*g**3 + 10*g**2 + 5*g - 9. Let n(i) = 6*c(i) + 5*s(i). Give n(a).
3
Let h(t) = 4*t + 104. Let f = -4817 - -4791. Determine h(f).
0
Let p(t) = -t**2 + 5*t - 1. Let z be p(6). Let r(m) = -m**3 - 19*m + 49*m - 8*m**2 - 52*m - 5 + 14*m. Calculate r(z).
2
Let l(d) be the first derivative of 0*d + 7/3*d**3 + 1/4*d**4 + 3*d**2 + 77. Calculate l(-6).
0
Let a be 292/(-8 - -4) + 1. Let i = a + 78. Let s(q) = q**3 + 2*q**2 + 4*q - 10*q - i*q**2 + 27 - 34. Calculate s(6).
29
Let x(l) be the second derivative of 0 - 1/6*l**4 - 33/2*l**2 - 1/6*l**3 + 30*l. Let j(q) be the first derivative of x(q). Determine j(4).
-17
Let o(a) = 2*a**3 + a**2 - a + 1. Let w(t) = -3*t + 7. Let g be w(4). Let x be 14/(-10) + g*6/(-75). Let r be (-10)/15*(2 - x). Calculate o(r).
-9
Suppose -8 = -2*t + 3*g, -90 + 97 = -5*t - 6*g. Let a(i) = -5*i**2 - 2*i**2 - 2 + 3*i - i**2. Calculate a(t).
-7
Let v(s) = -s**3 - 7*s**2 - 7*s - 5. Suppose 307 = 19*c + 402. Determine v(c).
-20
Suppose -1005 + 1876 = -18*m + 1015. Let h(i) = -3*i**2 + 24*i + 3. Calculate h(m).
3
Let g(o) = o**3 + 41*o**2 + 5*o + 211. Let t be g(-41). Let h(x) = x**2 - 3*x**2 - 5*x - x**2 + 4*x**2 - 4. Calculate h(t).
2
Let x(i) = -35 - 41*i - 143 + 130 + 2*i**2. What is x(22)?
18
Suppose -70181 = -5*f + 29209. Let z(g) = -f - g**3 + 19874 - 2*g**2 + 4*g**2 + g - g**2. What is z(0)?
-4
Let i(h) = -2*h**2 + 17*h + 23. Let d(p) = -5*p**2 + 50*p + 68. Let n(g) = -3*d(g) + 8*i(g). Determine n(-10).
20
Suppose 0 = y + y - 4*d - 16, 3*y = -4*d + 4. Let v be ((-4788)/(-931))/((-4)/(-14)). Let z(p) = p**3 - 3 + 19*p**2 - v*p**2 + 0 - 6*p**2 + p. What is z(y)?
-15
Let b(d) = -d**2 + 5*d - 3. Let j(y) = 3*y - 48. Let p be j(30). Let v be (6/8)/(p/112). Determine b(v).
3
Let z = 1062301 - 1062292. Let s(p) = 6*p - p**2 + 3 + 3 - p. Give s(z).
-30
Let p(q) = q**3 + 6*q**2 + 6*q + 2. Let i(c) = -c**3 + 11*c**2 - 6*c + 5. Let z be i(8). Suppose -4*v - 113 = -z. Let g be 8/(-16)*(1 + v). What is p(g)?
-3
Let g(y) = -2*y + 107 - 25 - 29 - 24 - 30. Let z be (-18)/4*8/6. Determine g(z).
11
Suppose 37*c + 3185 = 10067. Let k be c/26 + 23/((-2691)/18). Let z(r) = -r**2 + 6*r + 10. Determine z(k).
3
Suppose 2*n + 4 - 8 = 0. Suppose -12*q + n = 26. Let a(m) = m**3 + 2*m**2 + m - 1. What is a(q)?
-3
Let x be ((-11552)/(-342) - 34)*6/(-4). Let y(k) be the third derivative of 0*k**5 + 0 + 0*k - 25*k**2 - 1/120*k**6 + 0*k**4 + x*k**3. What is y(2)?
-6
Let o(n) = -n**2 - 5*n - 14. Let a(r) = -11*r**2 - 50*r - 142. Let t(b) = 2*a(b) - 21*o(b). What is t(5)?
10
Let w(m) be the first derivative of -15*m**2/2 - 160*m + 3770. What is w(-11)?
5
Suppose -m + 4*s + 819 = 8*s, 4*s = 5*m - 4167. Let y(w) = -414 + m - 5*w**2 - 4*w - 420. What is y(-2)?
-15
Let y(b) be the first derivative of 1/6*b**3 - 21*b - 3/10*b**5 + 1/2*b**2 + 0*b**4 - 25. Let g(r) be the first derivative of y(r). What is g(-1)?
6
Let v be (-3)/(((-2)/(-56))/((-130)/(-1365))). Let o(g) = -2*g + 6. Calculate o(v).
22
Let d(j) = j**2 + 11*j + 4. Let y be 26*(3/2)/((-18)/(-12)). Suppose -2*k - 4 = 0, -3*t + 5*k = 3*k + y. Determine d(t).
-6
Let h(l) = -l**2 + 2*l + 30. Let z be ((-70)/30)/(40/(-192) - (-2)/(-16)). What is h(z)?
-5
Let s(n) = 2*n - 12*n + n + n + 107 - 12*n. Let o be s(5). Let p(h) = h**2 - 8*h - 10. What is p(o)?
-17
Let j(x) = -6*x - 276 - 277 + 513 - 9*x. Give j(6).
-130
Suppose -4*y - 3*c + 84 = 0, 86 = 5*y - 3*c + 2*c. Let h = y - 28. Let t be (-34)/(-6) + h/(-30). Let s(g) = g**2 - 6*g - 1. Determine s(t).
-1
Suppose 0 = 4*x - 18*x - 17*x + 7*x. Let w(j) = -j**3 + j**2 - j + 1. What is w(x)?
1
Let u(w) be the first derivative of w**4/4 + 2*w**3 - 3*w**2 + 12*w + 836. Determine u(-7).
5
Let m be ((-32)/48)/((1 + 0)/(-3)). Let a(r) = -m*r**2 - r**2 + 13*r**2 - 9*r**2 + 6*r. Give a(-7).
7
Let f be -60 - (0/20)/(6/(-2)). Let b = -50 - f. Let d(k) = k**3 - 11*k**2 + 10*k + 4. What is d(b)?
4
Let h(z) = -9*z**2 + 27*z - 17. Let b(c) = 11*c**2 - 30*c + 18. Let j(l) = 11*b(l) + 12*h(l). Determine j(-1).
13
Let q(b) be the third derivative of -b**6/120 + b**5/15 - b**3/2 + 1033*b**2. Give q(5).
-28
Suppose 8 = -23*b + 27*b. Let p(a) = 26*a**2 - 2*a + 26*a**b + a + a**3 + 1 - 55*a**2. What is p(2)?
-5
Let y(r) = r**3 + 5*r**2 - 8*r - 7. Let s = 125 + -131. Let p be y(s). Let d(w) be the third derivative of w**5/60 - w**4/6 - w**3 + 2*w**2. Determine d(p).
-1
Let t(f) = -f**2 + 0*f**2 - 5 - f**3 + 2*f**2 + f. Suppose -l - 20*b + 36 = -24*b, -34*l = -b - 9. What is t(l)?
-5
Let f(m) = -2*m**3 - 3*m**2 - 13*m - 10. Let a(x) = -x**3 - 4*x**2 - 9*x - 9. Let y(w) = 3*a(w) - 2*f(w). Determine y(7).
35
Suppose -40 = -2*y + 46. Let g(u) = -u + 2 + 0 - 41*u**2 + y*u**2. Let h = 311 + -314. Determine g(h).
23
Let b(h) = -6*h + 26. Let k be b(5). Let s be (5 + -6)*-6 - 8/k. Let x(d) = 1 + d + 0 + 7*d - d**3 + 7*d**2. What is x(s)?
1
Let f be 0 + 2*9/6. Let x(s) = 1377*s**3 + 1374*s**3 + 1378*s**3 - 5512*s**3 + 1384*s**3 - 4*s + 3. Give x(f).
18
Let w(f) be the first derivative of f**3/3 - 5*f**2/2 + 4*f - 110. Suppose 3*v - 23 = 4*x - 5, -v + x + 6 = 0. Determine w(v).
10
Let u(y) = 3*y**3 - y**2 - 3*y + 3. Let r(g) = 11 + 4*g - 7*g**3 - 16 + 3*g**3. Let c(q) = -2*r(q) - 3*u(q). What is c(3)?
4
Let r(a) = 1 - 3208919*a**2 + 5*a**3 + 15 + 11*a + 3208935*a**2. What is r(-3)?
-8
Let n(o) = -8*o**2 - o**3 + 1221455 + 17*o + 0*o**3 - 1221466. Determine n(-10).
19
Let s(a) = a**2 + a + 3. Let y(j) be the first derivative of -10*j**2 + 40*j + 16. Let q be y(2). Calculate s(q).
3
Let o(t) be the first derivative of -21*t**2/2 - 80*t - 2357. Give o(-4).
4
Let p(a) = -3*a**2 - 5*a - 3. Let m(y) = 13*y**2 + 21*y + 13. Suppose -38 + 10 = -7*d. Let h = -5 - d. Let l(c) = h*p(c) - 2*m(c). Give l(-2).
-1
Suppose -4*f - 1720 = -s, 11315 - 2669 = 5*s + 3*f. Let i(v) = -1728*v + 1 - s*v + 3450*v. What is i(-1)?
7
Let l(m) be the first derivative of m**3/3 + m**2 - 3*m + 14. Let r be (-14)/6 + -2 + (-256)/(-192). Give l(r).
0
Let j(q) be the second derivative of -q**4/12 + q**3/3 - q**2/2 + 334*q. Calculate j(-2).
-9
Let m(g) = 4*g + 17. Let i be 30/(-150) + 5/25. Give m(i).
17
Let k = -659 - -640. Let m(n) = 19*n + 0*n**2 - 3*n**2 + 612 + 3*n**2 - 604 + n**2. What is m(k)?
8
Let j = -49 + 51. Let x(w) = 6*w + 6*w**3 + j*w - 14*w + 7*w + 1 + w**2. Give x(-1).
-5
Let y(x) = -10*x - 105. Let r be y(-11). Let u(v) be the third derivative of -1/120*v**6 + 15*v**2 + 0 + 1/3*v**4 + 1/15*v**5 + 0*v - 5/6*v**3. Determine u(r).
10
Let l(b) be the second derivative of b**4/12 + 13*b**3/6 - 9*b**2/2 - 50*b. Suppose 2*k = 3*k + 14. Calculate l(k).
5
Let t be (-30)/135*(4 + 1615/(-400)). Let w(n) be the third derivative of 0*n**3 - 7/24*n**4 + 24*n**2 - 1/12*n**5 + 0 + t*n**6 + 0*n. Give w(6).
-6
Let a(k) = 6*k + 9*k - 14*k + 13 + k**3 + 17*k**2. Let b be (2 + -3)*(14 - -3). Determine a(b).
-4
Let m(c) = -3*c**2 - c**3 - c**2 + 0*c**2 + 583*c - 581*c. Let f be (-11)/(-4) + 1/4. Suppose 0 = -2*z + 2*u - 18, -f*z = z - u + 21. Give m(z).
-8
Let s(w) be the first derivative of 14*w**4 - 2*w**3/3 - w**2 - w - 1235. Determine s(-1).
-57
Let q = 293 - 298. Let c(j) = -4*j - 13. Let b be c(-7). Let t be ((-35)/(-15))/(q/b). Let i(z) = z**2 + 11*z + 8. Determine i(t).
-20
Let a(y) = -3*y - 1 - 5 - 26. Determine a(-5).
-17
Let v(g) = g**2 + 7*g - 4. Suppose 8*t + 254 = 164 + 130. Give v(t).
56
Let h(f) = -f**2 - 4*f - 5. Let q(k) = 6*k**2 + 5*k - 39. Let o be q(-3). What is h(o)?
-5
Let p = -27412 + 27417. Let q(c) = 2*c + 2 + c - 8. What is q(p)?
9
Let m be (12/(-15))/(4/(-10)). Let c(s) = 2*s**2 - 2 - 3*s**m + 23*s - 29*s. Suppose 0 = -10*v - 2*v - 48. Calculate c(v).
6
Let m(l) = 1 - 4 - 1751*l + 899*l + 902*l + 0. Calculate m(2).
97
Let g be 112/(-154) - (-382)/11. Let h(y) be the second derivative of 0 + g*y + 1/3*y**3 + 3*y**2. Give h(-4).
-2
Let p be -15*1*5/(-15). Suppose -v = 11*v + 60. Let c(k) = 5*k - 2. Let x(n) = -9*n + 4. Let b(h) = v*c(h) - 3*x(h). Determine b(p).
8
Let z(k) = 31*k**3 - 217*k**2 - 683*k - 226. Let i(m) = -7*m**3 + 54*m**2 